3
Suppose 4*s - 556 = 192. List the prime factors of s.
11, 17
Suppose 3*q - 38 = 3*b - 2, -2*q - 2*b + 32 = 0. Let r = 6 + q. List the prime factors of r.
2, 5
Suppose -2*c = -3*c + 11. Let g = c + -8. Suppose -3*n = -5*b - 21, -4*n = -g*b - 6 - 11. What are the prime factors of n?
2
Suppose -724 = -5*q + n, -n = n + 8. What are the prime factors of q?
2, 3
Let x = 13 + -8. Suppose -45 - 140 = -x*j. What are the prime factors of j?
37
Let a = 5 - 3. Suppose -p + 4*p - 23 = a*j, 2*p = -3*j + 24. List the prime factors of p.
3
Let i be 7/(28/(-16))*-1. Suppose 5*k = -m + 32 + 19, 4 = -i*k. List the prime factors of m.
2, 7
Let j = -1 - -3. Suppose -5*c + 39 = -j*c. What are the prime factors of c?
13
Suppose 2*s - 3*r + 15 = 0, 5*r - 19 = -4. Let l be 8 - 1 - (-6)/s. Suppose c - 24 = 5*v, -2*c - l*v = -0*c + 12. List the prime factors of c.
2
Let b(x) = -x**3 - 3*x**2 + 2*x - 4. Let i be b(-3). Let s be (-15)/i*8/3. Suppose -5*r = s*p - 63, -r - 3*r + 5*p = -34. List the prime factors of r.
11
Let n(h) = -h**2 - 8*h - 5. Let q be n(-6). Let k be ((-5)/(-10) - 0)*0. Let f = k + q. What are the prime factors of f?
7
Let o(i) = -112*i + 3. List the prime factors of o(-3).
3, 113
Suppose 0 = -g + 3*f - 2*f + 8, -2 = f. Suppose g = 3*o - 0. What are the prime factors of o?
2
Suppose 5*b = -4*u + 265, -2 = -0*b - 2*b. List the prime factors of u.
5, 13
Let f = 128 + -2. List the prime factors of f.
2, 3, 7
What are the prime factors of (6 - 6) + (29 - 1)?
2, 7
Let g = 15 - -3. What are the prime factors of g?
2, 3
Let g(u) be the first derivative of 6*u**2 + 2*u + 1. Let z be g(-2). Let m = z + 33. What are the prime factors of m?
11
Suppose 2*g - 28 = -6. Suppose -5*k + g = -14. What are the prime factors of k?
5
Suppose 2*c - x - 315 = 0, 5*c - 4*x = 3*c + 324. List the prime factors of c.
2, 3, 13
Let c be (-14)/(4/((-4)/2)). Suppose -2 = u - c, -k + u - 1 = 0. Let f = k - -14. List the prime factors of f.
2, 3
Suppose -4*k - u - u + 132 = 0, -5*k + 168 = u. List the prime factors of k.
2, 17
What are the prime factors of 1006/6 - 2/(-6)?
2, 3, 7
Let w(s) be the third derivative of -s**5/60 + s**4/3 - 4*s**3/3 - 3*s**2. Let q be w(6). Suppose q*y = -5 + 37. List the prime factors of y.
2
Let b = -25 - -27. What are the prime factors of 4/(-1) + 88/b?
2, 5
Let d(z) = -z**3 - 10*z**2 + 10*z - 4. Let t be d(-11). List the prime factors of (1 - t)*4/(-8).
3
List the prime factors of (-33)/(-2) + (-3)/6.
2
Let n be (2/(-4))/(1/(-8)). Suppose -u + 3*d = -19, 36 = -0*u + n*u - 4*d. List the prime factors of u.
2
Suppose -j = -4*j + 18. Let z(h) = h**2 - 3*h - 7. What are the prime factors of z(j)?
11
Let y(p) = p**3 - 7*p**2 + p - 7. Let c be y(5). Let m = 73 + c. List the prime factors of m.
3, 7
Let u(s) = s + 2 + s**3 - 3 - 3*s. Let k be u(2). Suppose -4*y = -2*o - 3*o + 41, 0 = -k*y - 12. List the prime factors of o.
5
Let l(f) = f**2 + 4*f + 11. List the prime factors of l(-10).
71
Suppose -5*c + 8 = -o, -2*c - 5 = -5*o + 1. Let v = o - -2. Let g = v + 14. List the prime factors of g.
2, 3
Suppose 0 = -4*k + 4*i + 4, 4*k - 12 = -i - 3*i. Suppose -k*s + 12 = 4, -l = 4*s - 57. What are the prime factors of l?
41
Suppose 2*d = -3*w + 84, -39 = -2*w + 4*d + 17. Suppose -14 = -5*g + 66. Let f = w - g. What are the prime factors of f?
2, 3
Let c(q) = -6*q**3 - 4*q**2 - 3*q - 2. Let k(r) = -r**3 + 14*r**2 - 2. Let g be k(14). List the prime factors of c(g).
2, 3
List the prime factors of 14/35 + 384/15.
2, 13
Let q be (-74)/9 + (-2)/(-9). Let h(x) = 7*x**2 + 3*x - 3. Let p(s) = 15*s**2 + 5*s - 6. Let u(z) = -13*h(z) + 6*p(z). What are the prime factors of u(q)?
11
Let x = 118 - 113. Let b(a) = -2*a - 5. Let j be b(-4). Suppose j*w = x*w - 24. List the prime factors of w.
2, 3
Suppose -4*v + 2*d + 92 = 0, 0 = -3*v + 5*d - 0*d + 83. Let g = 36 + -23. Let h = v - g. List the prime factors of h.
2
Let k = 0 - 2. Suppose 0 = u - 2*u - 1. What are the prime factors of (-2)/(k/(-4)*u)?
2
Let x = -26 - -15. Let b = 4 + x. Let c = 3 - b. List the prime factors of c.
2, 5
Let d be (1*(-9)/(-3))/1. Suppose d*f = 122 - 41. List the prime factors of f.
3
Let s = -103 + 145. What are the prime factors of s?
2, 3, 7
Let y(w) = -w**2 + w + 10. Let i be (-4)/(-10) + 6/(-15). What are the prime factors of y(i)?
2, 5
Let c be 38/(-6) + (-7)/(-21). Suppose p + 4*i + 56 = 0, 4*p + 3*i + 2*i = -246. List the prime factors of 1/3 + p/c.
11
Let z = 190 + -48. What are the prime factors of z?
2, 71
Suppose -h + 2*h = -4. Let k be 38/8 - 1/h. Suppose 0 = 2*t + k*b - b - 16, 3*t - 21 = -5*b. What are the prime factors of t?
2
Suppose -4*t + 52 = 4*j, 5*t + j - 69 = -0*j. Suppose v - t + 0 = 0. List the prime factors of v.
2, 7
Let p = 4 + -2. Suppose -p*o + 21 = -87. Let k = o + -35. What are the prime factors of k?
19
Suppose 2*n + 3 + 14 = 5*m, -20 = -5*n. Suppose 0 = z + 2*z + 3*c + 3, m*c = 5*z - 5. Suppose 0 = -r - z*r + 11. What are the prime factors of r?
11
Let w be (-6 - -4)/((-6)/87). Let g = w - 24. What are the prime factors of g?
5
Let n(i) = i**3 - 4*i**2 + 5*i - 3. Let h be n(3). Suppose -3*w - 12 = 0, -2*f - 5*w - h = 3. What are the prime factors of f?
7
Suppose 21 = 5*i + 6. Let l be 54 + 6 + i*-1. Suppose -63 = -4*x - 3*z, -2*x + 6*x + 5*z = l. What are the prime factors of x?
2, 3
Let b be (-3)/4 + 12/16. Suppose 13*i - 11*i - 10 = b. List the prime factors of i.
5
List the prime factors of 406/10 - (-2)/5.
41
Let p be 6 + -8 + (-1 - -14). Suppose -s - 11 = 3*x, -3*x + s - 30 = -p. Let o = 0 - x. What are the prime factors of o?
5
Let t = 28 - -6. List the prime factors of t.
2, 17
Suppose -4*d - 2*z + 16 = 0, -2*d + 3*z = -5*d + 12. Suppose 58 = 3*r + d. List the prime factors of r.
2, 3
Let u(a) = 2*a**2 + 2*a + 1. Let i be u(2). Let q = 5 + i. Suppose q = z - 3. List the prime factors of z.
3, 7
Let m(b) = -b**2 + 12*b + 2. Let j be m(12). Let s = 1 - 1. Suppose 0 = -j*y - s*y + 20. List the prime factors of y.
2, 5
Let n(j) = -4*j**3 - 6*j**2 - 3*j - 8. Let t(u) = 5*u**3 + 7*u**2 + 3*u + 9. Let w(f) = -6*n(f) - 5*t(f). List the prime factors of w(-2).
3
Let l be 0/(-3) + 97 + 3. Let g = l + -70. List the prime factors of g.
2, 3, 5
Let d(m) be the third derivative of -m**4/6 - 5*m**3/3 - 3*m**2. List the prime factors of d(-9).
2, 13
Let u(f) = 2*f**3 + 7*f**2 + 6*f + 5. Let d be u(-5). What are the prime factors of ((-4)/(-5))/((-5)/d)?
2
Suppose 16 = 4*t - 592. What are the prime factors of t?
2, 19
Let h = -50 - -34. Let u = h - -28. List the prime factors of 18/(3/u*6).
2, 3
Suppose 0 = 15*f - 18*f + 309. What are the prime factors of f?
103
Let t = -197 - -423. List the prime factors of t.
2, 113
Let d(w) = w**3 - 2*w**2 + w + 2. Suppose u - 3 = -1. List the prime factors of d(u).
2
Suppose 4 + 14 = 3*k. Suppose -2 - k = -a. Suppose -3*s + 2*s + a = 0. List the prime factors of s.
2
Let x(m) be the third derivative of -m**6/120 - m**5/10 - 5*m**4/24 + m**3/2 + m**2. Let i = 6 - 11. List the prime factors of x(i).
3
Suppose 0*i - 4*i + 4*f + 56 = 0, -i + 2*f + 18 = 0. Suppose i = -0*n + n. What are the prime factors of n?
2, 5
Let u = 10 + -22. What are the prime factors of u/15*15*-1?
2, 3
Suppose 6 = 3*r - 6. Suppose 0 = -r*u + 16 + 16. List the prime factors of u.
2
Let w(o) be the third derivative of o**6/180 - o**5/20 + 2*o**3/3 - 3*o**2. Let x(j) be the first derivative of w(j). What are the prime factors of x(5)?
2, 5
Let x be (-4 - 2)*(-2)/(-3). Let b = x - -8. Suppose -b = -y - 2. List the prime factors of y.
2
List the prime factors of 652/18 - (-4)/(-18).
2, 3
Let x(h) = h**2 - 5*h - 1. Let q be x(6). Suppose -9 - q = -2*r. List the prime factors of r.
7
Suppose 4 = 4*b, 5*a = 5*b - 4*b - 111. Let y = a + 49. Suppose 2*c + y = 3*j - 0*c, 3*j = c + 30. List the prime factors of j.
11
Suppose 5*q + 21 = -34. Let p = -6 - q. Suppose 5*r + 0*o - 58 = -3*o, p*o - 38 = -3*r. List the prime factors of r.
11
Suppose 0 = -5*f + f + 56. Let y = -10 + f. What are the prime factors of y?
2
Suppose -3*b + i = -i - 7, 3*b + 2*i = -13. Let v = 6 - b. What are the prime factors of v?
7
Suppose 3*q = -2 + 17. Let w(b) be the first derivative of b**4/4 - 5*b**3/3 + 3*b**2/2 - 6*b - 1. What are the prime factors of w(q)?
3
Suppose -4*b + 49 = -3*y + 7, -33 =